he units digit of d - (1 - 1)/(-2)?
3
Let p = 19 + -17. What is the units digit of p?
2
Let m be -10*(-1 + 0 - 0). Let c be (12/m)/(3/15). Suppose -u = -c*u + 5. What is the units digit of u?
1
Let o = 12 - 10. Suppose -6*u = -o*u - 76. What is the units digit of u?
9
Let x(u) = -141*u - 2. What is the hundreds digit of x(-1)?
1
Suppose -n - 12 = 5*o, 3*n - 1 = -5*o + 3. Suppose 0 = -n*j + 7*j + 23. What is the units digit of j?
3
Suppose 4*k - m - 432 = 23, 5 = 5*m. What is the tens digit of k?
1
Suppose q = j - 5*j + 33, 19 = q - 3*j. Let p = -18 + q. What is the units digit of p?
7
What is the units digit of (-140)/(-16) - (-3)/(-4)?
8
Let q(f) = 9*f**2 - 2*f + 7. What is the tens digit of q(4)?
4
Suppose 0*g = -7*g + 98. What is the units digit of g?
4
Let a(k) = -k**3 - 10*k**2 - k - 10. Let m be (-3)/((-6)/(-4))*5. Let b be a(m). Suppose 2*j = -j - t + 11, 2*j + 5*t + 10 = b. What is the units digit of j?
5
Suppose 0 = -3*s + 13 + 95. Suppose -3*l = -6*l + s. What is the units digit of l?
2
Let v(s) = -s**3 - 5*s**2 - 2*s - 5. Let r be v(-5). Suppose a + 5*d + 22 = d, -r*a + 2*d = 0. What is the units digit of 0 - a - -2 - -1?
5
Let j(x) = 67*x + 2. What is the tens digit of j(1)?
6
Suppose -2*o + 190 = -94. What is the tens digit of o?
4
Let j be 1*(1 - 2) + 0. Let y(d) be the second derivative of d**4/12 - d**3/3 - d**2/2 + 50*d. What is the units digit of y(j)?
2
Let c(t) = -t**3 + 6*t**2 + 2*t - 9. Let n be c(6). Suppose -2*y - y - 4*i + 30 = 0, n*y - 24 = -2*i. What is the units digit of y?
6
Let l(f) = f + 6. Let d be l(-4). Let i be 1/(-3)*d*-6. Suppose i*u - 4*g = 88, -g - 6 = g. What is the tens digit of u?
1
Suppose p - 3*p + 2 = 0. Let m = 2 + p. What is the units digit of m?
3
Let k(l) = l**3 + 3*l**2 - 5*l - 1. Let s be k(-4). Suppose 0*t + 15 = s*t. Suppose 5*b + 17 = q - 0*q, -t*q = b - 7. What is the units digit of q?
2
Suppose 4*c - 3*c - 5*u - 19 = 0, 0 = -2*u - 6. Suppose -74 = -c*b - b + o, 0 = -3*b + 3*o + 54. What is the units digit of b?
4
Let f(v) be the first derivative of v**4/4 + 2*v**3 - 9*v**2/2 - 10*v - 4. What is the units digit of f(-7)?
4
Let g(s) = -s**3 - 11*s**2 + 5*s + 4. What is the tens digit of g(-12)?
8
Suppose -205 = -5*p - 5*l, 0*l + 131 = 3*p - l. Suppose 4*z = p - 3. What is the units digit of z?
0
Let h = 5 - -10. What is the tens digit of h?
1
Let u(x) = -17*x - 7. What is the tens digit of u(-4)?
6
What is the tens digit of 2/(-1) + 5 - -1*85?
8
Let k = -17 + 28. Suppose -5*i + 4*z = -30, 4*i - 5*z - 6 - 27 = 0. Suppose -3*d + 20 = 2*s, s - d - k = -i*d. What is the units digit of s?
3
Suppose 0 = 4*z + z - 75. Suppose 2*s - z = -o, -1 - 8 = -o + 4*s. What is the tens digit of o?
1
Suppose 0 = 3*y + 3*a + 69, 0*a + 92 = -4*y - a. Let x = 51 + y. What is the units digit of x?
8
Suppose -a = 1, 4*v = 8*v - 4*a + 4. Let z = v + 4. Suppose 0*q + 2*p - 2 = -z*q, 2*q + 3*p = 0. What is the units digit of q?
3
Let i(j) = 10*j - 31. What is the tens digit of i(20)?
6
Suppose 3*f = -13 + 1. Let s(a) = a**3 + 7*a**2 + 3*a + 1. What is the tens digit of s(f)?
3
Suppose 3*w = 140 + 301. What is the tens digit of w?
4
Suppose m + m = 24. Suppose 0*n = 2*n - m. What is the units digit of n?
6
Suppose 68*j + 99 = 69*j. What is the tens digit of j?
9
Let b(j) = -j**3 - j**2 + 2. Let d be b(0). Suppose d*t = t + 8. What is the units digit of t?
8
Let x(h) = h + 4. Let f be x(-2). Suppose 0 = 5*y - f*y - 123. What is the tens digit of y?
4
Let f(z) = 2*z - 3. Let w be f(2). Let x = 5 + w. What is the units digit of x?
6
Let d(r) = 5*r - 1. Let l be d(3). Let y = l + -10. Suppose 5*n - 6 = y. What is the units digit of n?
2
Suppose 3*p + d + 23 = 0, 3*p - 6*d = -5*d - 25. Let s(z) = z**3 + 8*z**2 - 3*z - 10. What is the tens digit of s(p)?
1
Let j = 328 + -185. What is the units digit of j?
3
Let l = 11 - -1. Let p be l/8*136/6. Let d = -22 + p. What is the units digit of d?
2
Let o = -1 + -1. Suppose 4*i - 35 = -3*i. Let b = i + o. What is the units digit of b?
3
Let q(h) = -18*h - 2. Let p be q(-2). Let f be (-2 - -2)/(-2*1). Suppose f = -5*z + 1 + p. What is the units digit of z?
7
Let m be (10/15)/((-1)/(-6)). Let g(d) = -d**3 + 7*d**2 - 5*d - 1. Let l be g(6). Suppose l*n - 24 + 6 = -j, 0 = j - m*n. What is the units digit of j?
8
Let j(m) = -14*m + 41. What is the tens digit of j(-15)?
5
Suppose 6*a - 268 = 38. What is the tens digit of a?
5
Let y(c) be the third derivative of c**5/60 + 5*c**4/24 - 5*c**3/3 + 2*c**2. What is the tens digit of y(-8)?
1
Let s be 64/12 - 2/6. Suppose 8 + 5 = 2*y + s*n, n - 7 = 4*y. What is the units digit of y/(0 - (-1)/(-5))?
5
Let v(m) = -5*m + 7. Let f(a) = -4*a + 6. Let w(j) = 6*f(j) - 5*v(j). Let k(l) = -4. Let s(x) = -k(x) - 5*w(x). What is the units digit of s(-1)?
4
Let g = 10 - 19. Let x(z) = z**2 + 11*z + 2. Let j be x(g). Let k = 27 + j. What is the units digit of k?
1
Let q(r) = -r**3 - r**2 + r - 1. Let t be q(-3). Suppose -2*l + 10 = -t. What is the units digit of l?
2
Suppose 0 = -0*l - 2*l + 16. Let d = -4 + l. What is the units digit of d?
4
Let s = 6 - 0. Suppose 3*y + s = 5*i + 2*y, 4*y = -4. What is the units digit of i?
1
Let k = 3 - 0. What is the units digit of (2/(-6))/(k/(-45))?
5
Let n(a) = -a**3 + 8*a**2 - 6*a - 4. Let t be n(7). Suppose f = 2*f - 3, -2*f = -t*j + 3. Suppose s - j + 2 = 0. What is the units digit of s?
1
Let d be 2/5 + (-146)/(-10). Let r = -6 + d. What is the units digit of r?
9
Suppose -5*v = -7*v + 58. What is the tens digit of v?
2
Suppose 3*k - 9*k + 786 = 0. What is the units digit of k?
1
Let j = 1 - 1. Let p(q) = -q**3 + 5. What is the units digit of p(j)?
5
Suppose -3*b = -4*y - 30, 4*b - 25 = y + 28. What is the units digit of b?
4
Let j(r) = 3*r + 9. What is the units digit of j(6)?
7
Let t be 4*2*(-285)/24. Let v = -66 - t. What is the units digit of v?
9
Let n(h) = -5*h + 10. Let b be (-6)/(-12)*(1 + -15). Let q(c) = -16*c + 30. Let x(k) = b*n(k) + 2*q(k). What is the units digit of x(7)?
1
Let s be 92/(-3) + (-4)/12. What is the tens digit of 3/(-9) - s/3?
1
Let x be 4 + -2*1/(-1). Suppose -11 = -3*a - 0*u + 5*u, 3*a = -5*u + 1. Suppose 5*d = a*l + 69, x*d - 57 = 2*d + l. What is the tens digit of d?
1
Suppose 0 = -y + 2*s + 1, -4*s = 4*y - 7*s + 1. Let k be 1*(7 - (y + 3)). Suppose -32 = -k*a - 2. What is the units digit of a?
6
Let g(p) = -p**2 + 3*p + 13. Let t be g(6). Let r(w) = -12*w - 10. What is the tens digit of r(t)?
5
Let v(c) = c**2 + 3*c - 7. Let b be v(-9). Suppose 2*d + b = 7. What is the units digit of (d/(-6))/(2/6)?
0
Let k(f) be the first derivative of 1/2*f**2 - f + 1. What is the units digit of k(2)?
1
Let p(u) = -2*u - 5. Let f be p(-8). Suppose 2*g - f = -5*k, 4*g + 4*k + 38 = 6*g. What is the units digit of g?
3
Let g be (-1)/2 + (-5)/(-2). What is the units digit of g - (3/(-1) + 0)?
5
Suppose 0 = 3*n + 3, 2*n + 19 - 65 = 4*o. Let y be ((-8)/o)/(2/3). Suppose y = j - 6. What is the units digit of j?
7
Let s = 61 - 36. What is the units digit of s?
5
Let n(c) = -4*c**2 + 9*c + 7. Let d(l) = -5*l**2 + 8*l + 7. Let k(r) = -3*d(r) + 4*n(r). What is the units digit of k(7)?
2
Let z = 9 + -8. What is the tens digit of 14 + (3 - z)*1?
1
Suppose -3*y + 50 = 5. What is the units digit of y?
5
Let v be 3/(-12) + (-1)/(-4). Suppose v*b - 5*b = -65. What is the units digit of b?
3
Let a = 143 + -89. What is the units digit of a?
4
Let d = -2 - -11. Let k = d + -1. Suppose -n = n + k, 0 = 5*v + 5*n - 5. What is the units digit of v?
5
Suppose -5*u = -356 - 234. What is the units digit of u?
8
Suppose -4*n - 4*f = -n - 143, 0 = -2*n + 4*f + 122. What is the units digit of n?
3
What is the units digit of (336/30)/(4/10)?
8
Let a(z) = z - 2. Let x(g) = -5*g + 11. Let f(q) = -11*a(q) - 2*x(q). Let i be f(4). What is the units digit of 1*-6*6/i?
9
Let s(y) = y**3 + 5*y**2 - 6*y - 6. Let c be s(-6). Let h(j) = j**2 + 5*j - 3. What is the units digit of h(c)?
3
Let g(n) = -5*n + 2*n - n**3 - 6*n - 8*n**2 - 9 + 0. What is the units digit of g(-7)?
5
Suppose -3*v + 3*c = -390, -3*c = 5*v - 0*c - 658. Suppose -3*s = -v + 38. What is the tens digit of s?
3
Suppose -5*f - 1 + 16 = 0. Suppose 4*h - 5*r = 85, -4*h + 5*r = -f*h - 40. What is the units digit of h?
5
What is the units digit of (-1 - 0) + 516/6?
5
Le